mposite?
True
Is 2935 prime?
False
Is 29059 a prime number?
True
Is 6753 a composite number?
True
Is 33401 a prime number?
False
Is 8501 composite?
False
Is 939193 a composite number?
False
Is 26227 a composite number?
False
Is 2329167 a composite number?
True
Is 101267 a composite number?
False
Is 676303 a prime number?
False
Is 4250305 prime?
False
Is 1521547 a prime number?
True
Is 4401059 composite?
True
Is 94993 composite?
False
Is 2333 a prime number?
True
Is 2361989 prime?
False
Is 517 composite?
True
Is 281989 prime?
True
Is 1205437 prime?
True
Is 798023 a composite number?
False
Is 667705 a composite number?
True
Is 13649 prime?
True
Is 3571 composite?
False
Is 16183 a prime number?
True
Is 585355 composite?
True
Is 11299 prime?
True
Is 19369 composite?
True
Is 3489 composite?
True
Is 30169 prime?
True
Is 27041 a composite number?
True
Is 27254 prime?
False
Is 477301 composite?
True
Is 735191 a prime number?
False
Is 103289 a prime number?
True
Is 126287 a prime number?
False
Is 51581 composite?
False
Is 4583 prime?
True
Is 46337 composite?
False
Is 6841 prime?
True
Is 13081 a prime number?
False
Is 705547 a composite number?
True
Is 481231 a prime number?
True
Is 2797526 a composite number?
True
Is 182219 a prime number?
False
Is 555983 composite?
True
Is 12571 a prime number?
False
Is 4297 prime?
True
Is 82527 a prime number?
False
Is 175573 a composite number?
False
Is 5147 a composite number?
False
Is 992891 a prime number?
True
Is 839 a prime number?
True
Is 26459 composite?
False
Is 55163 a composite number?
False
Is 218249 composite?
False
Is 15049 prime?
False
Is 1477 a prime number?
False
Is 1837423 a composite number?
True
Is 112171 a composite number?
True
Is 75265 composite?
True
Is 673 prime?
True
Is 60811 composite?
False
Is 4201 a composite number?
False
Is 5567 prime?
False
Is 259531 a composite number?
False
Is 6839 a composite number?
True
Is 1073689 prime?
False
Is 861199 a composite number?
False
Is 30437 prime?
False
Is 64367 a prime number?
False
Is 2548039 a prime number?
False
Is 6121 a prime number?
True
Is 543817 composite?
True
Is 45347 a composite number?
True
Is 115727 composite?
False
Is 2389 prime?
True
Is 356237 prime?
False
Is 7351 a prime number?
True
Is 242221 composite?
True
Is 1373 prime?
True
Is 4971 a composite number?
True
Is 615473 composite?
False
Is 15679 composite?
False
Is 52807 prime?
True
Is 6607 prime?
True
Is 83 composite?
False
Is 1361 a composite number?
False
Is 325709 composite?
False
Is 5815 a prime number?
False
Is 1709 a composite number?
False
Is 877 prime?
True
Is 26493 composite?
True
Is 336533 prime?
True
Is 8923 a prime number?
True
Is 927551 a prime number?
False
Is 95881 a composite number?
False
Is 775497 composite?
True
Is 560207 prime?
True
Is 183437 a prime number?
True
Is 289669 prime?
True
Is 72211 a composite number?
False
Is 329779 a composite number?
False
Is 20953 prime?
False
Is 33541 a composite number?
True
Is 6743 a prime number?
False
Is 14813 a prime number?
True
Is 6163 a composite number?
False
Is 365369 a composite number?
False
Is 3391 a prime number?
True
Is 2323 a composite number?
True
Is 5591 prime?
True
Is 14303 a prime number?
True
Is 334237 composite?
True
Is 766247 prime?
True
Is 61117 prime?
False
Is 69109 a prime number?
True
Is 40193 a prime number?
True
Is 23683 a prime number?
False
Is 31121 a composite number?
False
Is 2399 a composite number?
False
Is 34637 composite?
True
Is 90971 a prime number?
True
Is 27533 a composite number?
True
Is 275991 prime?
False
Is 753367 a prime number?
True
Is 33 a composite number?
True
Is 30655 a prime number?
False
Is 5737 a composite number?
False
Is 417257 composite?
True
Is 270407 a composite number?
False
Is 29713 a composite number?
True
Is 150389 composite?
True
Is 43691 prime?
True
Is 24359 a composite number?
False
Is 20863 a prime number?
False
Is 18947 a prime number?
True
Is 2309 prime?
True
Is 2941811 prime?
True
Is 15161 a prime number?
True
Is 63241 a composite number?
False
Is 378671 a composite number?
False
Is 8758955 a composite number?
True
Is 358531 prime?
True
Is 1262917 composite?
False
Is 149 prime?
True
Is 6020801 composite?
False
Is 117617 prime?
True
Is 142351 a composite number?
True
Is 1522447 composite?
False
Is 211277 composite?
True
Is 6733 a composite number?
False
Is 9733 a composite number?
False
Is 2246 a prime number?
False
Is 31481 prime?
True
Is 171209 a composite number?
True
Is 136522 prime?
False
Is 115129 prime?
False
Is 1052027 prime?
True
Is 93437 a prime number?
False
Is 2599 a prime number?
False
Is 9377 prime?
True
Is 1535 a composite number?
True
Is 16382 a prime number?
False
Is 23889 prime?
False
Is 660571 composite?
True
Is 49142 prime?
False
Is 616717 a composite number?
False
Is 733313 composite?
True
Is 1377527 composite?
True
Is 1087 composite?
False
Is 104593 prime?
True
Is 198173 a composite number?
False
Is 10294 a prime number?
False
Is 11003 prime?
True
Is 3511 a composite number?
False
Is 2493719 a composite number?
False
Is 158581 a prime number?
True
Is 198749 prime?
False
Is 941 prime?
True
Is 2459 prime?
True
Is 5403 composite?
True
Is 209249 a prime number?
True
Is 38543 composite?
False
Is 556505 prime?
False
Is 39677 a prime number?
False
Is 251 prime?
True
Is 2353 a prime number?
False
Is 799 a prime number?
False
Is 58319 a prime number?
False
Is 2680381 a composite number?
True
Is 527 prime?
False
Is 3551 a composite number?
True
Is 4357 composite?
False
Is 344671 a prime number?
True
Is 8803 prime?
True
Is 974033 composite?
False
Is 3719 a composite number?
False
Is 517 a prime number?
False
Is 154255 composite?
True
Is 46219 prime?
True
Is 125059 a prime number?
False
Is 1218329 a prime number?
False
Is 15661 composite?
False
Is 22353 composite?
True
Is 15859 a prime number?
True
Is 799003 a composite number?
False
Is 15859 composite?
False
Is 23741 a prime number?
True
Is 163577 a composite number?
True
Is 7639 a prime number?
True
Is 205066 a prime number?
False
Is 121661 a prime number?
True
Is 3787 composite?
True
Is 366881 a prime number?
True
Is 4533 prime?
False
Is 172841 a composite number?
True
Is 277297 prime?
True
Is 203111 prime?
False
Is 17323 prime?
False
Is 309 prime?
False
Is 3943689 prime?
False
Is 6229 a prime number?
True
Is 59801 a composite number?
True
Is 472103 prime?
True
Is 9701 a prime number?
False
Is 167667 composite?
True
Is 187667 a prime number?
False
Is 240473 a composite number?
False
Is 659189 a composite number?
False
Is 973151 composite?
False
Is 25199 prime?
False
Is 667 a composite number?
True
Is 370021 composite?
False
Is 8779 prime?
True
Is 3049 prime?
True
Is 1541 a composite number?
True
Is 149411 composite?
False
Is 2521 prime?
True
Is 3653 prime?
False
Is 10649 a composite number?
True
Is 5077 prime?
True
Is 112339 composite?
False
Is 1253 composite?
True
Is 1552843 composite?
False
Is 133639 prime?
False
Is 366181 a composite number?
False
Is 153443 prime?
True
Is 953 a prime number?
True
Is 7613 prime?
False
Is 4223 prime?
False
Is 366617 prime?
False
Is 42621 a prime number?
False
Is 449347 a prime number?
True
Is 44294 a composite number?
True
Is 496163 a composite number?
False
Is 9133 composite?
False
Is 5917 a composite number?
True
Is 14909 a prime number?
False
Is 375319 composite?
True
Is 29557 prime?
False
Is 8819 prime?
True
Is 59509 prime?
True
Is 83261 a prime number?
False
Is 440157 a prime number?
False
Is 1949 prime?
True
Is 1663509 a prime number?
False
Is 38401 prime?
False
Is 3233221 a prime number?
True
Is 20287 composite?
False
Is 187963 prime?
True
Is 684713 a composite number?
False
Is 5381 a composite number?
False
Is 97259 a composite number?
False
Is 14591 composite?
False
Is 691 a prime number?
True
Is 223 a prime number?
True
Is 12827 a composite number?
True
Is 4735595 composite?
True
Is 1157899 a composite number?
False
Is 11654 a composite number?
True
Is 6821 composite?
True
Is 1485663 composite?
True
Is 16163 composite?
True
Is 1585847 composite?
True
Is 32933 a prime number?
True
Is 45413 prime?
True
Is 120115 prime?
False
Is 2333 a prime number?
True
Is 2533 a composite number?
True
Is 93979 prime?
True
Is 170441 a prime number?
True
Is 19661 prime